What is h(x)?
-6
Let c(x) = -9*x + 3. Let b(z) = z**3 - 7*z**2 - 10*z + 5. Let g be b(8). Let y(l) = 5*l - 2. Let f(m) = g*y(m) - 6*c(m). Determine f(3).
1
Suppose 0 = 7*a - 1 + 22. Let q(r) = r - 2. Calculate q(a).
-5
Let b(i) = -3*i - 13. Let x(l) = -2*l - 7. Let h(f) = 6*b(f) - 11*x(f). Let j = 2 - 5. Let n be j/(-2) + 3/6. What is h(n)?
7
Let q = -5 + -1. Let i(g) = -g**3 - 7*g**2 - 5*g - 4. Give i(q).
-10
Let v(c) = 1. Let l be -2*1*4/(-8). Let i(m) = -3*m - 2. Let o(u) = l*i(u) + 2*v(u). What is o(-5)?
15
Let y(r) = r**2 + 7*r + 3. Suppose -3*k + 30 = -5*q, 3*k + 26 = -3*q + 8. Give y(q).
-3
Let q(g) be the third derivative of -g**6/120 + g**5/15 - g**4/6 + g**3/3 + 8*g**2. Let h(v) = v**3 - 3*v**2 - 3*v - 2. Let f be h(4). Calculate q(f).
2
Let f = -3 - -2. Let y(z) = 22*z**3 + 1. Determine y(f).
-21
Suppose 3*p = -0*p. Let k(o) = p - 4*o**2 + 3*o + 3*o**2 - 4. What is k(3)?
-4
Let m(r) = -5*r + 8. Let i(s) = 1 + 8 - 6*s - 1 + 1. Let v(z) = 4*i(z) - 5*m(z). Give v(6).
2
Let i(v) = -4*v - 15. Let c(k) = -2*k - 8. Let x(p) = -11*c(p) + 6*i(p). What is x(-3)?
4
Let n(f) = 4*f - 1. Suppose -6*l = -12 + 24. Calculate n(l).
-9
Let x(j) = 3*j**2 + 2*j - 3*j + 1 + 2*j - 2. Suppose q = -q + 2. Suppose 0*m + 3*m = 2*o - 2, -o - 3*m + q = 0. Determine x(o).
3
Let j(l) = -2*l + 3. Let r be j(4). Suppose -7 - 8 = -5*s. Let t(c) = -c**s + 0*c**2 - 3*c**2 + 3 - 3*c - 3*c**2. Give t(r).
-7
Let l(g) = g**3 + g**2 + 3*g + 3. Let b = -4 - -2. What is l(b)?
-7
Let w(x) = -7*x**3 - 5*x**2 + 6*x - 5. Let g(z) = 8*z**3 + 6*z**2 - 7*z + 6. Let j(q) = -5*g(q) - 6*w(q). Calculate j(1).
1
Let m(c) = c + 3 + 0*c + 2*c. Let u = 6 - 5. Let o be (-4 + 5)*(u - 5). Calculate m(o).
-9
Let m(n) = -n**3 - 2*n**2 - 2*n - 2. Suppose -35*b - 6 = -32*b. Determine m(b).
2
Let v(w) = 4*w**2 - w + 5. Let p(m) = -5*m**2 + 2*m - 6. Let d(y) = 5*p(y) + 6*v(y). Give d(6).
-12
Let b(n) be the second derivative of 5/12*n**4 + 1/20*n**5 - n + 5/2*n**2 + 7/6*n**3 + 0. Give b(-4).
-7
Let v(k) = -k**3 + 4*k**2 - 3*k - 3. Let r = 15 - 12. Give v(r).
-3
Let l be 12/(-15)*(-15)/6. Suppose 0 = -a - 5*t, -9 = -2*a + t - l*t. Let u(y) = -4*y**3 + 4*y**2 + 2*y**3 + y**3 + 7*y. Determine u(a).
10
Let i = 7 - 6. Let r(j) = -j**2 + j. Calculate r(i).
0
Let f(l) = 13*l. Let z(m) = -6*m. Let r(c) = 6*f(c) + 14*z(c). Let b be (-1)/(2*(-1)/(-2)). What is r(b)?
6
Suppose -o + k = -0 + 1, 4*o + 8 = 5*k. Suppose 1 = l - o. Suppose -4*a + v - 7 = 4*v, -28 = 4*a - l*v. Let r(z) = -z**2 - 6*z - 6. Determine r(a).
2
Suppose -8*a + 56 + 0 = 0. Let j(q) = 2*q - 10. Calculate j(a).
4
Let l be 5 - (-1 + (3 + -1)/2). Let x be ((-1)/(-1))/1*1. Let y be (l - 2 - 6)*x. Let r(n) = -n**2 - 3*n - 3. Determine r(y).
-3
Let q(z) = -z**3 - 10*z**2 + 4*z - 1. Let o(a) = -2*a**3 - 19*a**2 + 7*a - 2. Let n be (11/4)/(1/(-4)). Let b(v) = n*q(v) + 6*o(v). Calculate b(-3).
-4
Let r(h) = -h**2 + 2*h - 2. Let x be 0 + 2 + (-6 - -10). Let l = x - 3. Determine r(l).
-5
Let y = 5 - 0. Suppose 0 = y*o - 10*o. Let k(w) = w - 9. Calculate k(o).
-9
Let j(w) = 2*w**3 - 2*w**2 + 5*w - 4. Let z(t) = -2*t**3 + 2*t**2 - 6*t + 5. Let h(y) = -4*j(y) - 3*z(y). Let p be 0/3 + 3 - 2. Calculate h(p).
-1
Let d(g) = 4*g**2 - g - 1. Let n(r) = r**2 - r. Let j(l) = -d(l) + 2*n(l). Suppose 0 = -9*x + 38 - 29. Calculate j(x).
-2
Let b(q) = -17*q**2 + 18 + 0 - 5 + 18*q**2. Give b(0).
13
Let h(o) be the second derivative of -o**5 - o**4/6 - o**3/6 + 26*o. What is h(-1)?
19
Let m be -1 - (-1)/2*6. Let y be 3/m*2*1. Suppose 2*w + y*w = 15. Let k(p) = -p**2 + 2*p - 2. Determine k(w).
-5
Let a(l) = l**2 + 2*l - 3. Let g be a(-3). Let d = g + 0. Let b(o) = 2 - 7 + 4*o - 3*o. Determine b(d).
-5
Let t = -12 + 15. Suppose m - 2*n = t*m + 4, 1 = 2*m + n. Let s(h) = h**2 - 4*h + 1. Determine s(m).
-2
Let f(p) be the first derivative of -p**4/4 - 5*p**3/3 - p**2/2 + p + 1. What is f(-5)?
6
Let z(p) be the first derivative of -p**2/2 + p + 2. Suppose -5 = 2*j + 3*l + 3, 8 = -2*j + 3*l. Calculate z(j).
5
Let p(r) = 5 + 3 + r - 6 - r**2 + 0. Give p(-3).
-10
Let d(w) be the first derivative of -w**4/4 + 2*w**3/3 + 2*w**2 - 2*w - 7. Let b = -10 + 13. What is d(b)?
1
Let l(x) = 13*x**3 + x**2 - 2*x + 1. Let w(u) = 7*u**3 + u**2 - u. Let b(n) = 6*l(n) - 11*w(n). What is b(5)?
1
Let f(o) = -2*o**2 + 20*o - 7. Let b be f(9). Let v(m) = m - 3. What is v(b)?
8
Let j(p) = p + 1. Suppose -2*n - 19 = d, 0*n + 25 = -2*n + d. Let h(a) = -a**3 - 11*a**2 + 2. Let q be h(n). What is j(q)?
3
Let j(m) = -3*m**3 + m**2 - 2*m + 1. Suppose -n = -11 - 2. Let h = -12 + n. Calculate j(h).
-3
Let b(n) be the third derivative of -1/24*n**4 + 0 + 8*n**2 + 1/6*n**3 + 0*n. What is b(-3)?
4
Let l(u) = 35*u**3 - 6*u**2 + 8*u + 3. Let q(i) = 23*i**3 - 4*i**2 + 5*i + 2. Let s(j) = 5*l(j) - 8*q(j). Let g = -4 + 3. Determine s(g).
10
Let i(f) be the first derivative of 0*f - 1 + 0*f**3 - 1/24*f**4 + f**2. Let c(o) be the second derivative of i(o). Calculate c(1).
-1
Let r(z) = -4*z**3 + 4*z**2 - 9*z + 8. Let v(j) = j**3 + j**2 + j. Suppose 2*y = -5 + 3. Let a(i) = y*r(i) - 3*v(i). Give a(6).
-8
Let m(c) be the second derivative of 0 + 1/3*c**4 + c + 1/20*c**5 - 3/2*c**2 - c**3. Let h = -30 + 25. What is m(h)?
2
Let j be 1/(5 + -4 - 0). Let d(k) = k. Let m(o) = 10*o**2 + 6*o. Let x(l) = j*m(l) - 6*d(l). Calculate x(-1).
10
Let j(t) = -t**2 - 1. Let f(y) = y + 3. Let m(x) = -f(x) + j(x). Let q be (-1)/2*(1 - 1). Let i = q - 0. What is m(i)?
-4
Let g(q) = -q**3 + 5*q**2 - 2*q - 1. Let h be -2 - -1*(-2)/(-1). Suppose h = -4*l - 0*c + c + 9, -6 = -5*l - 4*c. Calculate g(l).
7
Let v(n) = -n**3 - 7*n**2 - 3*n - 6. Let c = -60 + 53. Determine v(c).
15
Let g = -5 + 9. Let i(b) = -b**2 + 4*b + 2. Let a(y) = -2*y**2 + 7*y + 5. Let o be 2 - 4 - (5 - 2). Let s(d) = o*i(d) + 3*a(d). What is s(g)?
-7
Let d(i) = -i**3 - 4*i**2 - 2*i - 2. Let v be 26 + 6/9*3. Let z = v - 16. Suppose 0 = -0*n + 3*n + z. What is d(n)?
6
Let c(i) = -i + 10. Suppose 38 = 3*f + 4*h, -h = 5*f - 6 - 29. What is c(f)?
4
Let n(q) = 11*q**2 - 1. Let k = 48 - 49. Give n(k).
10
Let t(l) = -l**2 + 1 - 251*l**3 + 245*l**3 + l - l. Determine t(-1).
6
Suppose 3 = 5*w - 6*w. Let u be (-6)/(-15) - (-3)/5. Let i(t) = t + 2 - u + 4. What is i(w)?
2
Suppose -3*o + 7 = -2. Let y(c) be the first derivative of -c - 1/3*c**o - 2*c**2 + 2. Give y(-4).
-1
Let g(d) = d - 5 - 1 - 2*d - 3. Give g(-5).
-4
Let b(j) be the second derivative of j**3/6 + j**2/2 + 22*j. Determine b(4).
5
Let b(y) = 12*y**3 + 14*y**2 + 14*y + 3. Let a(m) = -3*m**2 - m**3 - 1 - 5*m - 3*m**3 - 2*m**2. Let u(c) = -8*a(c) - 3*b(c). Give u(-1).
3
Let s be (1/(-3)*0)/1. Let z(p) = -2*p**2 + 2*p + 7. Let k(a) = -a**2 + a + 7. Let o(h) = 3*k(h) - 2*z(h). Determine o(s).
7
Let a(r) = -5*r**3 + 2*r**2 - 1. Let f(o) = o + 4. Let g be f(-4). Suppose 4*k - 1 = 5*x - 14, -5*x + 2*k + 9 = g. Give a(x).
-4
Let x(p) = p**2 + p - 4. Let b(s) = s**2 + 2*s - 5. Let m(l) = -2*b(l) + 3*x(l). Let y(j) = j - 1. Let n be y(-2). Let k be n/2*(-12)/9. Determine m(k).
0
Let o(h) = -h**2 + 23*h**3 - 5 + 2*h - 24*h**3 + 2. Give o(-3).
9
Let h(q) be the first derivative of -q**4/2 - q**3/3 - q**2/2 + q + 13. Let w(p) = p**3 + 4*p**2 - p - 3. Let z be w(-4). Calculate h(z).
-3
Suppose -6*q + 12 = -10*q. Let h(g) = -4*g. Calculate h(q).
12
Let w be 1/3 - 2/6. Let b(k) be the third derivative of -1/8*k**4 + 2*k**2 - 1/2*k**3 + 0 + 1/60*k**5 + w*k. Give b(4).
1
Let c(m) be the first derivative of -m**2/2 - 2*m + 2. Let t = -41 - -37. Give c(t).
2
Let g be 4/14 - (-30)/(-7). Let i(u) = -u + 4. What is i(g)?
8
Let l(f) be the first derivative of -4 + 1/4*f**4 + 2*f**2 - f + f**3. Calculate l(-3).
-13
Suppose 0 = 3*g - 5*v + 2, g - 5*v = -10 - 4. Suppose -z = -0 + g. Let i(x) = -x + 1. Give i(z).
7
Let s be 0*1/(-1 + -1). Let q(w) = 3*w**2 + s*w**2 + w**2 - 3 - 3*w**2. What is q(0)?
-3
Let v(f) = f + 12. Let h be v(-8). Let p(d) = d**2 - 3*d + 2. Determine p(h).
6
Let c(g) = g - 3. Let m(w) = w**3 + w**2 + 4. Let o be m(-3). Let p = o + 20. What is c(p)?
3
Let z be (2 + -4 - 2) + 4. Let n(d) = d**2 + 2*d + 2. Let p be n(-3). Let j(x) = 2 + 4*x + 3 - p*x. Give j(z).
5
Let y(b) be the first derivative of 3*b**4/4 + 2. Give y(1).
3
Let d be 3/((-27)/(-6))*3. Let u(b) = 2*b**2 + d - b**3 - 8*b**2 + 1 - 4*b + 1. Let o be 0 + -3